 -1c7447 - 2?
-1c7449
In base 6, what is -3 + 45521542?
45521535
In base 14, what is 2c8d + 644d?
92dc
In base 10, what is -525747147 + 0?
-525747147
In base 13, what is 0 + 7250378?
7250378
In base 11, what is -151 + 3526a69?
3526918
In base 14, what is c28 - -3d0?
1218
In base 16, what is -b0623 + 68?
-b05bb
In base 3, what is -21220 + -101020022?
-101112012
In base 3, what is 1001021012020 + -1012?
1001021011001
In base 11, what is 2 - -60794a9?
6079500
In base 9, what is -61743 - 51?
-61804
In base 2, what is -101 - -10001011000001001100011?
10001011000001001011110
In base 12, what is 9 - -3817317?
3817324
In base 13, what is 1999 - 234a8?
-2180c
In base 5, what is -2323 + -113232302?
-113240130
In base 7, what is -1035116054 - -16?
-1035116035
In base 2, what is -111110 - 1011010100110010011?
-1011010100111010001
In base 12, what is 9a + a28556?
a28634
In base 3, what is -21120000102 + 20200120?
-21022022212
In base 13, what is 63 - 2c1b1?
-2c14b
In base 2, what is 11 + -110100001111110111010000?
-110100001111110111001101
In base 11, what is -5 + -4568922?
-4568927
In base 12, what is 24 - -370628?
370650
In base 10, what is -23294 + -147?
-23441
In base 4, what is -22302131 + -11?
-22302202
In base 16, what is -240 - -a?
-236
In base 9, what is -4 - 120646870?
-120646874
In base 11, what is 1a0 - 9403?
-9213
In base 3, what is 122001100 - 110110?
121120220
In base 5, what is -423423243031 - -2?
-423423243024
In base 7, what is -24131210 - 3?
-24131213
In base 4, what is 3211303003 - -1212?
3211310221
In base 7, what is -2 + 531153401?
531153366
In base 2, what is -1000 - -1001000000111101101111?
1001000000111101100111
In base 6, what is 5 - 1505242110?
-1505242101
In base 4, what is -202020 + 131122?
-10232
In base 11, what is -8a22714 - -5?
-8a2270a
In base 8, what is -2 - 31477627?
-31477631
In base 16, what is 1b516 - c0?
1b456
In base 3, what is -2100120011 - 100112?
-2100220200
In base 14, what is 58d860 - -66?
58d8c6
In base 16, what is 4fd79f - -12?
4fd7b1
In base 3, what is 1210010112201201221 - 12?
1210010112201201202
In base 14, what is -5 - -4489ad7?
4489ad2
In base 3, what is 2 - -2122010222200011?
2122010222200020
In base 9, what is 1 - 623431?
-623430
In base 11, what is 935a7 + -33?
93574
In base 10, what is -1977 + -846?
-2823
In base 2, what is 101000100000010111 + -101001?
101000011111101110
In base 10, what is 267558 + -35?
267523
In base 12, what is 1146b39 + -5?
1146b34
In base 15, what is -3ec0 - -102bb?
b2eb
In base 4, what is 11103102 - 210322?
10232120
In base 16, what is -e - 32ba1f7?
-32ba205
In base 13, what is -1c90b - -686?
-1c255
In base 7, what is -325434 + -36555?
-365322
In base 11, what is -8 - 128912a1?
-128912a9
In base 2, what is -1001 - 1111111101111010001110?
-1111111101111010010111
In base 13, what is -6a56ca - -3?
-6a56c7
In base 9, what is 18627 - -8404?
28132
In base 13, what is 411a8c + 1?
411a90
In base 12, what is -2 - -5b888ba?
5b888b8
In base 3, what is 11112022010221 - -1010?
11112022012001
In base 15, what is c + 27aa5?
27ab2
In base 14, what is 385c1d - c?
385c11
In base 10, what is -508 + -167032?
-167540
In base 4, what is 1102122133 + 3013?
1102131212
In base 12, what is 800a578 - 1?
800a577
In base 10, what is 5 - -178859568?
178859573
In base 10, what is 28 - 13252637?
-13252609
In base 4, what is -11 + -1230110100002?
-1230110100013
In base 4, what is -2130313 - -201103?
-1323210
In base 7, what is -1001110243 - 0?
-1001110243
In base 4, what is 12223231 + 113?
12230010
In base 15, what is -5d + 4b27e?
4b221
In base 15, what is ee21c + 5?
ee222
In base 13, what is 7b - 401a6?
-40128
In base 3, what is -210 - 1102022001220002?
-1102022001220212
In base 11, what is -80 + 35153?
35083
In base 2, what is -1101111110011100 - 1100?
-1101111110101000
In base 14, what is 21c6 + 11a7?
338d
In base 14, what is -469 - -149?
-320
In base 5, what is -41 - -11012114?
11012023
In base 9, what is -320 + 480831?
480511
In base 8, what is 2706410571 + -5?
2706410564
In base 3, what is 110112 - 211111011?
-211000122
In base 16, what is -53 + 2752f6?
2752a3
In base 2, what is 101100110011000111011 + -10?
101100110011000111001
In base 14, what is 3c34d1b - 16?
3c34d05
In base 3, what is -12102021 - -11202012?
-200002
In base 16, what is 84 + -b38e?
-b30a
In base 6, what is -3 - 20144012?
-20144015
In base 5, what is 4 + -13031014000?
-13031013441
In base 7, what is 3106 + -202666?
-166560
In base 16, what is -916 - d8a?
-16a0
In base 15, what is -131cbcd2 - -2?
-131cbcd0
In base 6, what is 0 + -10154330332?
-10154330332
In base 4, what is -121 + -130300220?
-130301001
In base 8, what is -2 - 1643505670?
-1643505672
In base 10, what is -12 + -1190089?
-1190101
In base 9, what is -4382516 - 83?
-4382610
In base 3, what is -10 - -121020221021120?
121020221021110
In base 4, what is -1112322 + 20303?
-1032013
In base 12, what is -329a284b + 2?
-329a2849
In base 3, what is 0 + -1002122120210012?
-1002122120210012
In base 13, what is 2 + -298431?
-29842c
In base 7, what is 1613416340 - 4?
1613416333
In base 10, what is -1965 - 200939?
-202904
In base 15, what is -16ba - -6793?
50c8
In base 16, what is 31 + -49c64?
-49c33
In base 16, what is -1 - 9154d3?
-9154d4
In base 14, what is 59819cb - 7?
59819c4
In base 16, what is 143d34 + -9?
143d2b
In base 12, what is -75a + 2366b?
22b11
In base 6, what is -2443 + 14412?
11525
In base 13, what is 3 - -24b68b?
24b691
In base 6, what is -12223 - 303011?
-315234
In base 4, what is 302121333 + 120101?
302302100
In base 10, what is 26183 - 1027?
25156
In base 9, what is 80874 + -637?
80236
In base 16, what is 1b + -b6bcb?
-b6bb0
In base 8, what is -6570 + -142?
-6732
In base 14, what is 5 + -89a6b6?
-89a6b1
In base 8, what is -1000027 + 11?
-1000016
In base 16, what is -e + 70255b?
70254d
In base 8, what is 123226 + 113?
123341
In base 9, what is 1763 + -637250?
-635376
In base 9, what is -3 - -23118567?
23118564
In base 15, what is -1d9820 - 3?
-1d9823
In base 4, what is -10230003 + 21233?
-10202110
In base 3, what is -11010110112 + -120011?
-11011000200
In base 5, what is 141432 - -23233?
220220
In base 4, what is -12022232213 - 12002?
-12022310221
In base 3, what is -1 + 102010011121110?
102010011121102
In base 3, what is 1202102 + 21021111101?
21100020210
In base 2, what is -11001 - 1001101010011011101?
-1001101010011110110
In base 11, what is -100862 + -141?
-1009a3
In base 9, what is -5 + -18088422?
-18088427
In base 5, what is -22440001031 - -114?
-22440000412
In base 2, what is 101101000110011011011100 - 0?
101101000110011011011100
In base 16, what is 24c - -1a54?
1ca0
In base 6, what is 14533452 - 24?
14533424
In base 3, what is 2102010102000 + 10020?
2102010112020
In base 14, what is -74 - -5b581?
5b50b
In base 4, what is -210331 + -32003030?
-32220021
In base 2, what is 111 + -1000111111001000111101?
-1000111111001000110110
In base 7, what is -12431004 + 13?
-12430661
In base 6, what is 30524343 + 2?
30524345
In base 10, what is 4045320 + -11?
4045309
In base 13, what is -16a66a + 2?
-16a668
In base 7, what is -44356406 - -101?
-44356305
In base 10, what is -640378983 - -2?
-640378981
In base 7, what is -450665024 - -3?
-450665021
In base 4, what is 102110 + 2131112?
2233222
In base 14, what is -8adcb0 + -2?
-8adcb2
In base 15, what is 4 + -8d73a17?
-8d73a13
In base 7, what is 4001 - 42410?
-35406
In base 14, what is -a + 5698ab?
5698a1
In base 4, what is 3230210 + -10332?
3213212
In base 11, what is -378 + -4a7881?
-4a8149
In base 14, what is 2043d + 791?
20bd0
In base 11, what is -1 + 177156541?
177156540
In base 9, what is -461322 - -462?
-460750
In base 12, what is -22 - -118191?
11816b
In base 11, what is 2 - 3116330?
-3116329
In base 13, what is 3 + 4295389?
429538c
In base 11, what is 75 + 2922a?
292a4
In base 14, what is 2 - -28c1c90?
28c1c92
In base 8, what is 120 - -406370?
406510
In base 15, what is 35841c1 + -3?
35841bd
In base 15, what is -e705 - -c4?
-e631
In base 10, what is 0 - 9645093?
-9645093
In base 9, what is -874 + -10444?
-11428
In base 9, what is -647 + -1010?
-1657
In base 14, what is -9 - 1cbdad?
-1cbdb8
In base 13, what is -2c6 + 9334?
903b
In base 14, what is 541 + 1bb98?
1c2d9
In base 5, what is -240234340110 - 10?
-2402343401